(r) = -10*r - 31. Let o be d(-4). Let q(m) = 0*m**2 - 7*m + m**3 - 3*m**2 + 10*m**2 + o + 0*m**2. Suppose -c + 5*k = 3, 2*k = 2*c + 14 - 0. Determine q(c).
1
Let s be (-31233)/(-1653) - (-4)/38. Suppose -4*c = l - 16, 5*l - 20*c + s*c = 59. Let v(g) = g**2 - 13*g - 3. Determine v(l).
-15
Let u(n) be the first derivative of -n**3/3 - 21*n**2/2 + 275*n - 3959. What is u(9)?
5
Let u(h) = -h - 2 + 3 + 0. Suppose -200*x = 21*x - 1547. Calculate u(x).
-6
Let z(u) = 4*u + 22. Let s = 5044 + -5051. What is z(s)?
-6
Suppose 2*u - 7*u - 2*v = -17, -4*v = -u + 21. Let n(i) = i**3 - 6 - 14 + u*i - 5*i**2 + 19 - i. Suppose 7*h = 27 + 1. Calculate n(h).
-1
Let x(u) = -5*u**2 - 3*u + 8. Let z(i) = 4*i**2 + 3*i - 8. Let s(v) = -2*v**2 + 15*v - 21. Let n be s(5). Let k(o) = n*z(o) + 3*x(o). Calculate k(-6).
10
Suppose 0 = 3*c - 2*c + 3*v + 9, -5*v = 15. Let f be ((-15)/(-3) - 1)/2. Let t(q) = -q**2 - 10 + 5 - f. Determine t(c).
-7
Let u = -39 - -38. Let n(l) = -7*l - 3. Let q be n(u). Let o(a) = 0*a**3 + 4 - a + q*a - 5*a**2 + a**3 - a**2. Determine o(5).
-6
Let j(b) be the second derivative of -26*b**3/3 - 360*b**2 - 7*b - 116. Calculate j(-14).
8
Let p(m) = 57050*m - 8 - m**2 - 5 - 57042*m. Let u = -7 - -14. Give p(u).
-6
Let c(u) be the third derivative of -1/60*u**5 + 1/6*u**3 + 0*u - 13 + 3*u**2 - 7/12*u**4. Calculate c(-14).
1
Let n = -253 + 292. Suppose 3*b - n + 54 = 0. Let t(d) = d**2 + 7*d + 3. Give t(b).
-7
Let y(m) = 2*m - 8. Let c = 2171 - 2206. Let i be 25 + (1 - -1) - 0. Let w = c + i. Determine y(w).
-24
Let y(u) = -u**2 - 9*u - 6. Let h be y(-8). Let f be (-2)/((-2)/(636 - h)). Let p(i) = -634 + i + f. What is p(4)?
4
Let x(t) = -25*t + 41 + 5*t - 145 - 3*t**2 + 4*t**2 + 21. Give x(24).
13
Let q(y) = -2*y**2 - 720*y - 53843. Let k be q(-106). Let a(d) = d**2 - 10*d + 17. Let x(g) = g**2 - 10*g + 16. Let z(u) = 3*a(u) - 4*x(u). Determine z(k).
12
Let n(z) = z**3 - 4*z**2 - 2*z - 4. Suppose -70 = 4*r - 274. Suppose 0 = -6*y - r + 81. Calculate n(y).
11
Let i = 99 - 97. Suppose -2 = i*u - 4*h - 0, -4*u - h + 23 = 0. Let l = -8 + u. Let t(g) = g**3 + 3*g**2 - 3*g - 1. Give t(l).
8
Suppose -d - 1 = -0*d. Let a = -1 - d. Let s(h) = 11*h - 212. Let v(n) = 14*n - 266. Let k(y) = 5*s(y) - 4*v(y). Determine k(a).
4
Let f(v) = -3*v**2 + 28*v - 32. Let i(d) = d**2 - 9*d + 11. Let o(n) = -3*f(n) - 8*i(n). Let q = 13705 - 13694. What is o(q)?
-3
Let j be ((-21)/4 - -1)/(37/(-740)). Let u(l) = 16*l - 11*l - l**3 + j - 85 + 3*l**2. Calculate u(5).
-25
Let v(x) = 27*x + 36. Let u(m) = 29*m + 38. Let o(a) = -5*u(a) + 6*v(a). Let f(t) = 3*t + 5. Let g(i) = -33*f(i) + 6*o(i). Determine g(8).
15
Let z(d) = d**3 + 7*d**2 - 17*d + 6. Let t = 77 + -86. Let p be z(t). Let o(m) = m**3 + m**2 - 2*m + 4. What is o(p)?
-8
Let j = 1297 - 1292. Let m(g) = g - 3. Give m(j).
2
Suppose -2*g + 11565 = 11559. Let h(q) = q**3 - 3*q**2 + q. Give h(g).
3
Let u(y) = -y**2 + 13*y - 10. Let r = 377 - 372. Suppose 36 = r*k - 19. What is u(k)?
12
Let q = -4379 + 4383. Let i(j) = 3*j**3 - 5*j**2 - 2*j + 4. Calculate i(q).
108
Let i be (-2)/16 + (20631/312 - 41). Let j(g) = g - 12. Calculate j(i).
13
Suppose -x = 2*x - 27. Suppose 0*u + 3*u = -x. Let q(r) be the third derivative of r**6/120 + r**5/60 - r**4/6 + r**3/6 + 364*r**2. Give q(u).
-5
Suppose -5*b + 3*r + 70 = 5*r, r = 2*b - 19. Let i(c) = -2*c + 5. Let a be i(b). Let v be 44/(-33) + a/(-3). Let k(q) = -q + 4. What is k(v)?
-1
Let s be -1 + (0 - -2) + -2. Let w(o) = 29*o + 668 - 1322 - 55*o + 655. Give w(s).
27
Suppose 0*g + 10*g = -20. Let k(b) = 4*b + 4 + 1 + 2*b - b. Give k(g).
-5
Let v(y) = -48 + 40*y**2 - 41*y**2 + 347*y - 331*y. What is v(4)?
0
Let d(g) be the first derivative of g**7/840 + g**6/60 - g**5/60 + g**4/24 - g**3 - 3*g**2 - 55. Let s(o) be the third derivative of d(o). What is s(-6)?
13
Let a(u) = u - 8. Let i(x) = x**2 - 27*x - 146. Let n be i(32). Let z be n/(-4)*68/(-34). Calculate a(z).
-1
Let t(u) = 8*u + 49. Let m(z) = 2*z**3 - 14*z**2 - 10*z - 54. Let v be m(8). Determine t(v).
1
Let k = -2 + 4. Suppose -z = -c + 3*z + 3, 0 = -2*z - k. Let m(g) be the third derivative of 3*g**4/4 + 2*g**2 + 20. Calculate m(c).
-18
Let o(r) = -r**3 + 10*r**2 - 7*r + 1. Suppose 81 = 2*c - i, 5*i - 30 - 85 = -3*c. Suppose -4*g = 4*n - 8*g - c, -3*n - g = -26. What is o(n)?
19
Let b(x) = -x**3 - 6*x**2 - 12*x - 16. Let i = 19071 + -19075. Give b(i).
0
Let a(z) = -z**3 - 12*z**2 - 11*z + 14. Let c(u) = 11*u**3 - 187*u**2 - 10. Let k be c(17). Give a(k).
-76
Let y(a) = a**3 + 17*a**2 - 23*a - 8. Let s(h) = 4*h**3 + 67*h**2 - 90*h - 33. Let x(k) = 4*s(k) - 15*y(k). Give x(-14).
2
Let c(z) = 3*z + 66. Suppose -75*l - 712 = 399 + 464. Determine c(l).
3
Let h(v) = -v**3 - 5*v**2 + 5*v + 7. Let u(l) = l**3 - 21*l**2 + 20*l - 5. Suppose -6*t + 70 = -3*t - 2*s, -s = 5*t - 95. Let o be u(t). Give h(o).
-18
Suppose -n - 12 = -3*n. Let i(o) = -o**2 + o. Let z(x) = -8*x**2 + 7*x + 1. Let b be 2*(0 - 4/8). Let d(f) = b*z(f) + n*i(f). Calculate d(-1).
2
Let r(i) = -2*i**2 + i - 1. Let j(m) = -7*m**2 + 18*m + 3. Let f(t) = 6*t**2 - 16*t - 1. Let c(q) = -5*f(q) - 4*j(q). Let s be c(2). What is r(s)?
-2
Let a(x) = 832*x + 2 + 1 + 832*x - 7 - 1662*x. What is a(0)?
-4
Let n(y) be the third derivative of -y**7/2520 + y**6/90 + y**5/20 + 13*y**4/12 + 50*y**2. Let q(x) be the second derivative of n(x). What is q(11)?
-27
Let f(j) = -3*j - 6. Suppose 3*v + 4*n = 0, 2*v - 2*n = -6*n + 4. Let r(m) = m**2 - 10*m - 7. Let z be r(11). Let y be 32/v + (z - 1). What is f(y)?
9
Let g(p) be the third derivative of p**4/8 - 31*p**3/6 - 8*p**2 - 2*p. What is g(9)?
-4
Let z(d) = -d**2 + 4*d - 4. Let q(p) = -9*p + 31*p - 95*p**2 + 90 + 193*p**2 - 97*p**2. Let k be q(-17). Give z(k).
-9
Let x = -15243 + 15247. Let o(k) = 2*k**2 - 2*k - 26. What is o(x)?
-2
Let f(n) = -n**3 - 3*n**2 + 4*n - 6. Let j be (-336)/72*6/(-2). Suppose 9*c = -59 + j. Determine f(c).
24
Let g = -27 + 31. Let z be 7/(7/g) + 0. Let t(s) be the third derivative of s**6/120 - s**5/12 + s**4/8 + s**3/6 + 16*s**2. Give t(z).
-3
Suppose -3*n - 5 = -5*m, 4*n - 2*n - 4 = -4*m. Let j(x) = x**3 + x**2 - 3*x + 8. Let b(g) = -g**3 - g**2 + 4*g - 9. Let h(i) = -3*b(i) - 4*j(i). Give h(n).
-5
Let n(j) be the third derivative of j**6/45 + j**5/120 - j**4/24 + 7*j**3 + j**2 - 27*j. Let o(z) be the first derivative of n(z). Calculate o(1).
8
Let w(d) be the first derivative of -2*d**3 + 1/120*d**5 + 0*d - 1/72*d**6 + 0*d**2 + 0*d**4 + 13. Let m(c) be the third derivative of w(c). What is m(-1)?
-6
Let t(l) = 3*l - 4. Let d(g) = -4*g + 6. Let y(o) = -5*d(o) - 8*t(o). Let j(m) = 2 + 5*m - 1 - 2. Let a(x) = 3*j(x) + 2*y(x). Calculate a(1).
8
Let d be ((-25)/3)/(-1) + 12/(-36). Suppose 3*b + d = 3*f + 26, 0 = -5*b + 3*f + 22. Let l(i) = 2*i**3 + i + 1. Give l(b).
19
Let s(g) = -3*g + 2. Suppose -202*t = 154*t - 4207 - 2201. Calculate s(t).
-52
Let k(f) = -2*f**2 - f + 1. Let q(z) = -z**3 - 6*z**2 - 2*z + 11. Let m = -52 + 46. Let l be q(m). Let b = 24 - l. What is k(b)?
-2
Suppose -5*q - 2*l = -l + 22, 4*q - 2*l = -12. Let x(m) = 14*m - 7*m + 0*m - 8*m + 2*m. Let o(g) = 2*g - 3. Let k(a) = -o(a) + 4*x(a). Give k(q).
-5
Let j(m) = -m**2 - 9*m + 6. Let v be j(-10). Let y(g) be the first derivative of -g**4/4 - g**3 + 3*g**2 + 5*g - 410. Give y(v).
-3
Let y(m) be the first derivative of -m**6/60 - 7*m**5/60 - m**4/4 - m**3 - 33*m**2/2 + 14. Let p(r) be the second derivative of y(r). Determine p(-4).
34
Let q(r) = -r**3 - 5*r**2 - 3*r + 1. Suppose 0 = -11*y + 8*y + 9. Suppose x + y*x + 12 = 0. What is q(x)?
-8
Let b(x) = 2*x**2 + 3*x + 2. Suppose -o - 2*q = -6*o + 33, o - q - 6 = 0. Suppose -o*k - 2 = -4*k + 4*h, 5*k + 5 = -5*h. What is b(k)?
4
Let t(s) = -32 + 45 - 251*s + 254*s. Give t(0).
13
Let f = 7 - 4. Let h(u) = 130*u - 64*u - 65*u. Determine h(f).
3
Let h(c) = 3*c + 193*c**2 - 3 - 113*c**2 - c**3 - 78*c**2. What is h(3)?
-3
Suppose -4*a - 10 - 22 = 0. Suppose 7*g - 3*g = 416. Let f(y) = 111*y + g*y - 222*y - y**3 - 9*y**2 + 2. Determine f(a).
-6
Let o = 7333 - 7337. Let y(x) = -x**3 - 3*x**2 + 2*x + 5. Calculate y(o).
13
Let l(y) = -5*y**2 - 64*y + 17. Let p = 32360 + -32373. Determine l(p).
4
Let d(t) be the third derivative of t**6/360 + t**5/40 - t**4/8 + 23*t**3/3 - 22*t**2 - t. Let k(w) be the fi